60. Let j = d + 11. Suppose -j = -5*f - 42. List the prime factors of f.
43
Let y = -30 - -33. Suppose 12 = 3*j + y*j. What are the prime factors of j*(-2 + 155/10)?
3
Let v(n) = -40*n**3 - 6*n**2 + 2*n - 6. Let f(y) = 2*y**3 + y**2 + 1. Let z(m) = -5*f(m) - v(m). Suppose 0 = g - 1. What are the prime factors of z(g)?
2, 3, 5
Let o be 614/7 + (-8)/(-28). Let n = o + -54. List the prime factors of n.
2, 17
Suppose -110*l + 114*l = 1316. What are the prime factors of l?
7, 47
Let u = 17 + -13. Suppose -u*p = -p - 258. Suppose -2*h = 5*v - 0*v - p, 5*v + 46 = 2*h. List the prime factors of h.
3, 11
Let c(h) = -29*h**3 - 4*h**2 + 4*h - 10. List the prime factors of c(-3).
5, 29
Suppose 32 + 360 = 2*s. Suppose 4*p = 3*h - s - 342, 2*h - 357 = 3*p. List the prime factors of h.
2, 3, 31
Let p = 3146 - 827. What are the prime factors of p?
3, 773
Let y(r) = -r**3 + 8*r**2 + 8*r - 5. Suppose -4*h + 24 = 2*s, -4*s + 0 = -2*h + 32. What are the prime factors of y(h)?
59
Let w(g) be the third derivative of g**4/12 - 11*g**3/6 - 2*g**2. Let m be w(7). What are the prime factors of (74/m)/(16/24)?
37
Suppose u + 4 = 0, -4*f - 3*u + 7009 = -4259. List the prime factors of f.
2, 3, 5, 47
What are the prime factors of 10100/14 + 6/(-14)?
7, 103
Let r(s) = s**2 + 2*s + 6. Let l be r(-3). Suppose -l*k + 59 = -787. What are the prime factors of k?
2, 47
Let t = -138 - -135. Let d(p) = 7*p**2 + p + 8. List the prime factors of d(t).
2, 17
Let k be (-11)/(-1) + (-13)/(-13). Let u(p) = -p**3 + 14*p**2 - 15*p + 13. What are the prime factors of u(k)?
11
Let j = -48 - -100. Suppose -4*w = -0*w - j. Suppose -w*d = -10*d - 138. List the prime factors of d.
2, 23
What are the prime factors of (-18 - -7) + 6 - -2965?
2, 5, 37
Let a = 32 - 18. Suppose i = 6*i - 135. Let f = i - a. What are the prime factors of f?
13
What are the prime factors of 7 - -170*(-1 + 3)?
347
Suppose -2*u = -5*r + 4, -r + 0*r + 8 = 2*u. List the prime factors of u + 33/(-9) - 599/(-3).
199
Suppose -43 = -5*a + 397. Let f be 8/((-4)/56*-4). Let c = a - f. What are the prime factors of c?
2, 3, 5
Let n(h) = -h**3 + 9*h**2 - 11*h + 41. What are the prime factors of n(-10)?
7, 293
Let h(k) = 175*k**3 - 8*k**2 - 7*k + 2. Let z(c) = 174*c**3 - 7*c**2 - 6*c + 2. Let t(q) = -5*h(q) + 6*z(q). What are the prime factors of t(1)?
2, 3, 7
Let k be 115/15 - -1 - 4/6. What are the prime factors of (-48)/(-36)*9*k?
2, 3
Suppose -4*r + 20 = 0, 0 = 7*k - 3*k - 3*r + 43. Let z(q) = q**2 + 6*q + 6. What are the prime factors of z(k)?
13
Let q(b) = 1 + 0*b + 0*b - 2 - 5*b. Let v be q(-9). Let w = v - 21. What are the prime factors of w?
23
Let u be 5 + -1 - (-1 + -1 + 10). What are the prime factors of 1104/4 + u - -1?
3, 7, 13
Let h = -15 + 46. Let r = -11 + h. What are the prime factors of r?
2, 5
Let q(r) = r**2 - 3*r + 193. What are the prime factors of q(45)?
2083
List the prime factors of (-2)/(2/(-21764)*4).
5441
Let p = 154 + -114. List the prime factors of p + 2 + (3 - 5).
2, 5
Let j be -122*((-6)/(-3) - 26). List the prime factors of 2/7 - (3 - j/42).
67
Let y = 107 - 110. List the prime factors of (0 - 3/(-9))/(y/(-1098)).
2, 61
Let n(j) = -j**3 - 6*j**2 + 29*j - 22. List the prime factors of n(-10).
2, 11
Let k be (1 + (-253)/4)/((-27)/72). Let p = -110 + k. What are the prime factors of p?
2, 7
Let o = -1316 - -1876. List the prime factors of o.
2, 5, 7
Let z = 66 + -34. Suppose z + 200 = 3*r - 2*v, -v = 4*r - 291. What are the prime factors of r?
2, 37
Suppose 2360 = 5*u + 200. Suppose -r = 4, -5*z + 3*r - 95 + u = 0. What are the prime factors of z?
5, 13
Let w(g) = 4 - 6 + g**3 - 19 + 10*g**2 - 13*g. Let c be w(-9). What are the prime factors of (c/(-6))/(3/(-6))?
59
Suppose -3*x - 441 = -p, -5*p - 3*x = -0*p - 2151. List the prime factors of -3 + (3/(-6))/((-3)/p).
3, 23
Let c(j) = -j**2 + 5*j + 7. Let s be c(6). Suppose -3*a + s = 7. Let p(l) = 8*l**2 + 2. What are the prime factors of p(a)?
2, 17
Let g be (-4 - (38 - 4))*2. Let k = -28 - g. List the prime factors of k.
2, 3
Let i be (39 - (-1 + -3)) + 3. Suppose 0 = -g + i + 35. What are the prime factors of g?
3
Let i = 220 - 77. What are the prime factors of i?
11, 13
Let y(g) be the second derivative of 11/2*g**2 + 0 + 1/2*g**3 - 6*g. List the prime factors of y(9).
2, 19
Let c = 38 - 15. Suppose c = -y + 46. Let s = y + -4. List the prime factors of s.
19
Suppose -4*u = -11 - 9. Let b(g) = -g**2 + 6*g - 4. Let x be b(u). What are the prime factors of (x + -3)*-9*2?
2, 3
Let s(n) = n**2 - 5*n - 6. Let b be s(6). What are the prime factors of 21 - 4 - (-1 + b)?
2, 3
Let w be 76 + -1 + 2 - 2. Suppose -18*a + 21*a - w = 0. Suppose a = 3*l - 8*l, -13 = g + 3*l. What are the prime factors of g?
2
Let j be -295*8*-3*(-7)/42. List the prime factors of 16/(-4) + j/(-5).
2, 29
Let a(s) be the first derivative of -3*s**2 + 8*s - 3. What are the prime factors of a(-4)?
2
Let k = -107 - -71. Suppose 0 = -2*q - 5*m - 140, 2*q - m + 112 = -4. Let b = k - q. List the prime factors of b.
2, 3
Let c(z) = z**2 + 2*z. Let f be c(-5). Suppose -a = f - 52. What are the prime factors of a?
37
Suppose -4*i = -3*i - 73. Suppose -53 = -3*u + i. List the prime factors of u.
2, 3, 7
Let i(f) be the first derivative of 2*f**3/3 - f**2 - 6. Let x be i(2). List the prime factors of 3*(1 + 3)/x.
3
Suppose 10 = -13*n + 15*n. Let l(z) = -z**3 + 4*z**2 + 6*z - 6. Let v be l(n). List the prime factors of v + 40 + 0/(-7).
3, 13
Let w(v) = v**2 + 5*v - 3. Let g be w(-6). Suppose -g*o - 191 = -23. What are the prime factors of o*(-4)/(-16)*-2?
2, 7
Let i(s) = -10*s - 176. What are the prime factors of i(-44)?
2, 3, 11
Suppose n + 3*n = 444. Suppose -3*p = -c - 95, 0 = 3*p - 0*p + 3*c - n. List the prime factors of p.
3, 11
Let f(h) = -4*h**3 + 5*h**2 - 7*h - 1. Let z(w) = 5*w**3 - 6*w**2 + 8*w + 1. Let l(u) = -6*f(u) - 5*z(u). List the prime factors of l(-4).
3, 19
Let g = -6 + 33. Suppose g = 5*l - 58. Suppose t = -0*t + l. List the prime factors of t.
17
Suppose 16 = 5*o + 1. Let d be 4*((-21)/6 + o). List the prime factors of (0/d + 1)*23.
23
Let n(w) = 49*w**2 - 3*w + 2. Let u be n(1). Let m = 7 - 13. Let z = u + m. What are the prime factors of z?
2, 3, 7
Suppose 10*f - 110553 = -33*f. What are the prime factors of f?
3, 857
Suppose -8*h = 6*h - 62314. Suppose -1409 + h = 13*k. What are the prime factors of k?
2, 3, 13
Suppose -2*v - 2 = -2*b + 2, 0 = -2*v - b + 5. What are the prime factors of v*((1 + -1)/2 + 127)?
127
Let l(p) = -52*p + 11. Let j(h) = -35*h + 7. Let f(y) = -7*j(y) + 5*l(y). Let b be f(-3). Suppose -3*s = -b - 9. What are the prime factors of s?
2, 5
List the prime factors of -28*(13 + -8 - (-154)/(-8)).
3, 7, 19
Suppose 3*p - j + 27 = -0*j, 0 = 4*p - 4*j + 36. List the prime factors of 4/(-6) - 285/p.
31
Suppose -22*k + 5942 = -7170. List the prime factors of k.
2, 149
Suppose w = -4*w + g + 108, -4*g = -8. What are the prime factors of (-4)/w + (-28035)/(-99)?
283
Let p(y) = -y**3 - 4*y**2 + 34*y - 56. What are the prime factors of p(-17)?
3, 347
Suppose -34 = 7*y + 36. Let c(l) = l**3 + 9*l**2 - 10*l. Let x be c(y). Suppose x = -5*z + 25, 4*z - 54 = -u + 2*z. What are the prime factors of u?
2, 11
Let t = -694 + 1183. What are the prime factors of t?
3, 163
Let q be (1 + -4)*(-94)/3. Let j = -60 + q. Suppose k + k = j. What are the prime factors of k?
17
Suppose 703 = f - 3*n, 9*f = 6*f - 4*n + 2096. What are the prime factors of f?
2, 5, 7
Let d(h) = -15*h. Suppose 2*n + 18 = -4*k, 2*k + 3 = 5*n - 0. List the prime factors of d(n).
3, 5
Let l(p) = -9*p**2 + 7*p**3 + 5*p**2 + 11*p**3 + 4 - 2*p**3. Let i be l(2). Let u = i + -60. What are the prime factors of u?
2, 7
Suppose 4*f + 2*y = y + 12, -4*f = 4*y. Suppose -2*z = -f*z + 4*d - 2, 0 = -3*z + d + 7. List the prime factors of (261/27)/(1/z).
29
Let f = 13 + 36. Let v be 126/(-9)*(-9)/18. Suppose -2*l = -a + f, a + v*l = 2*l + 28. List the prime factors of a.
43
Let g(v) = v**3 - 17*v**2 - 17*v - 16. Let h be g(18). Suppose -i - 3*x = -39, -37 = -5*i + h*x + 73. List the prime factors of i.
2, 3
What are the prime factors of (474/(-8))/(2/(-216))?
3, 79
Suppose 22*f - 18*f = -4*w + 8920, 0 = -5*w + 5. List the prime factors of f.
3, 743
Let h = -474 + 778. List the prime factors of h.
2, 19
List the 